{"id":6,"date":"2017-06-05T19:23:55","date_gmt":"2017-06-05T19:23:55","guid":{"rendered":"http:\/\/wolter-art.de\/?page_id=6"},"modified":"2018-01-18T14:38:08","modified_gmt":"2018-01-18T13:38:08","slug":"ueber-mich","status":"publish","type":"page","link":"https:\/\/wolter-art.de\/","title":{"rendered":"\u00dcber mich"},"content":{"rendered":"<p style=\"text-align: justify; font-variant: small-caps;\">Kreatives Gestalten mit verschiedenen Materialien ist\u00a0 mir bereits seit vielen Jahren ein elementares Bed\u00fcrfnis. Mich fasziniert das Bearbeiten von Holz. Auch Metall, Glas, Beton und Weggeworfenes befeuern meine Gestaltungslust. Als beruflich Weltreisender genoss ich das Privileg Kunst, Architektur und Design rund um den Globus kennenzulernen. Diese Kombination aus Impressionen und Inspirationen f\u00fchrte im Laufe der Jahre zu zahlreichen eigenen Projekten in Form von St\u00fchlen, Tischen, Vitrinen, Lampen und vielem mehr. Die Malerei als eine gestalterische Ausdrucksform entdeckte ich f\u00fcr mich erst im Jahr 2010. Die Initialz\u00fcndung war ein Seminar der Kunstakademie Geras mit Alfred Hansl \u201eDie Realit\u00e4t ist nur eine Illusion, die sich aus Mangel an Fantasie einstellt\u201c. Seitdem l\u00e4sst mich die Besch\u00e4ftigung mit der abstrakten Malerei nicht mehr los. Es folgten autodidaktische Phasen und weitere Seminare an der Kunstakademie Geras und an der Kunstakademie Allg\u00e4u. \u201eDie Farbe als Ausdruck\u201c mit Stephan Fritsch, \u201eInnere Malerei\u201c, \u201cMalerei aus dem Selbst\u201c und \u201eMalerei &#8211; ein Weg zu authentischem Ausdruck\u201c mit Ona B. sowie \u201eBilder mit Magie und Tiefe\u201c\u00a0 mit Robert S\u00fcess. Charakteristisch f\u00fcr meine abstrakte Malerei sind meine \u00fcberwiegend grossfl\u00e4chigen Formate und die Vorliebe f\u00fcr kraftvolle Farben.<\/p>\n","protected":false},"excerpt":{"rendered":"<p>Kreatives Gestalten mit verschiedenen Materialien ist\u00a0 mir bereits seit vielen Jahren ein elementares Bed\u00fcrfnis. Mich fasziniert das Bearbeiten von Holz. Auch Metall, Glas, Beton und Weggeworfenes befeuern meine Gestaltungslust. Als beruflich Weltreisender genoss ich das Privileg Kunst, Architektur und Design rund um den Globus kennenzulernen. Diese Kombination aus Impressionen und Inspirationen f\u00fchrte im Laufe der <a class=\"more-link\" href=\"https:\/\/wolter-art.de\/\">weiterlesen&#8230;<\/a><\/p>\n","protected":false},"author":1,"featured_media":0,"parent":0,"menu_order":0,"comment_status":"closed","ping_status":"closed","template":"","meta":{"footnotes":""},"class_list":["post-6","page","type-page","status-publish","hentry"],"_links":{"self":[{"href":"https:\/\/wolter-art.de\/index.php?rest_route=\/wp\/v2\/pages\/6","targetHints":{"allow":["GET"]}}],"collection":[{"href":"https:\/\/wolter-art.de\/index.php?rest_route=\/wp\/v2\/pages"}],"about":[{"href":"https:\/\/wolter-art.de\/index.php?rest_route=\/wp\/v2\/types\/page"}],"author":[{"embeddable":true,"href":"https:\/\/wolter-art.de\/index.php?rest_route=\/wp\/v2\/users\/1"}],"replies":[{"embeddable":true,"href":"https:\/\/wolter-art.de\/index.php?rest_route=%2Fwp%2Fv2%2Fcomments&post=6"}],"version-history":[{"count":6,"href":"https:\/\/wolter-art.de\/index.php?rest_route=\/wp\/v2\/pages\/6\/revisions"}],"predecessor-version":[{"id":160,"href":"https:\/\/wolter-art.de\/index.php?rest_route=\/wp\/v2\/pages\/6\/revisions\/160"}],"wp:attachment":[{"href":"https:\/\/wolter-art.de\/index.php?rest_route=%2Fwp%2Fv2%2Fmedia&parent=6"}],"curies":[{"name":"wp","href":"https:\/\/api.w.org\/{rel}","templated":true}]}}

Über mich

<p style="text-align: justify; font-variant: small-caps;">Kreatives Gestalten mit verschiedenen Materialien ist  mir bereits seit vielen Jahren ein elementares Bedürfnis. Mich fasziniert das Bearbeiten von Holz. Auch Metall, Glas, Beton und Weggeworfenes befeuern meine Gestaltungslust. Als beruflich Weltreisender genoss ich das Privileg Kunst, Architektur und Design rund um den Globus kennenzulernen. Diese Kombination aus Impressionen und Inspirationen führte im Laufe der Jahre zu zahlreichen eigenen Projekten in Form von Stühlen, Tischen, Vitrinen, Lampen und vielem mehr. Die Malerei als eine gestalterische Ausdrucksform entdeckte ich für mich erst im Jahr 2010. Die Initialzündung war ein Seminar der Kunstakademie Geras mit Alfred Hansl „Die Realität ist nur eine Illusion, die sich aus Mangel an Fantasie einstellt“. Seitdem lässt mich die Beschäftigung mit der abstrakten Malerei nicht mehr los. Es folgten autodidaktische Phasen und weitere Seminare an der Kunstakademie Geras und an der Kunstakademie Allgäu. „Die Farbe als Ausdruck“ mit Stephan Fritsch, „Innere Malerei“, “Malerei aus dem Selbst“ und „Malerei &#8211; ein Weg zu authentischem Ausdruck“ mit Ona B. sowie „Bilder mit Magie und Tiefe“  mit Robert Süess. Charakteristisch für meine abstrakte Malerei sind meine überwiegend grossflächigen Formate und die Vorliebe für kraftvolle Farben.</p>

<p>Kreatives Gestalten mit verschiedenen Materialien ist  mir bereits seit vielen Jahren ein elementares Bedürfnis. Mich fasziniert das Bearbeiten von Holz. Auch Metall, Glas, Beton und Weggeworfenes befeuern meine Gestaltungslust. Als beruflich Weltreisender genoss ich das Privileg Kunst, Architektur und Design rund um den Globus kennenzulernen. Diese Kombination aus Impressionen und Inspirationen führte im Laufe der <a class="more-link" href="https://wolter-art.de/">weiterlesen&#8230;</a></p>
